 remainder when 74 is divided by s/4*(-76)/6.
17
Calculate the remainder when 87 is divided by ((-132)/(-20) - 3)/((-1)/(-5)).
15
Let y(t) = -4*t**3 + t**2 + t + 1. What is the remainder when y(-2) is divided by 19?
16
Let m = 52 - 13. What is the remainder when 114 is divided by m?
36
Suppose -4*v + 25 = 5*y, 0*v + 2*y = 3*v - 13. Suppose -n - 5*x + 0 = -5, 5*n + 2*x = 140. Let w = n - 11. Calculate the remainder when w is divided by v.
4
Suppose m + 3*s = 13, m + 2 - 3 = s. Calculate the remainder when 13 is divided by m.
1
Let i = -12 + 25. Let b(t) = t**2 + 6*t + 5. Let g be b(-5). Suppose 7*o - 3*o - 96 = g. What is the remainder when o is divided by i?
11
Suppose 9 + 1 = 3*n - 4*g, -3*g = 3*n - 45. What is the remainder when 33 is divided by -1*(2 - 1) + n?
6
Suppose 3*c = -3*n - n + 123, 2 = 2*c. What is the remainder when n is divided by 11?
8
Suppose 8 = -g + i + 4*i, -3*i = 5*g - 72. Suppose -3*x + 0*x - 3 = 0, 3*u - 3*x + 261 = 0. Let t = -42 - u. What is the remainder when t is divided by g?
10
Calculate the remainder when 3/(9/129) - 0 is divided by 652/44 - (-2)/11.
13
Let w = -1 + 2. Suppose 3 = -3*a - 0*a. What is the remainder when 19 is divided by -1*((-6)/w + a)?
5
Suppose 3*u = -5*w + 70, 2*w - 13 - 4 = u. Suppose -2*a + 9 = -29. Calculate the remainder when a is divided by w.
8
Let m = 17 + -2. What is the remainder when m is divided by 4?
3
Let j = 59 + -53. Let r = -2 - -11. Calculate the remainder when r is divided by j.
3
Let r = 62 + -60. What is the remainder when 4 is divided by r?
0
Suppose -42 = 3*d - 9*d. What is the remainder when 26 is divided by d?
5
Let a(o) = -o**3 + 5*o**2 - 6*o + 7. Let f be a(4). What is the remainder when ((-1)/1)/f - -44 is divided by 24?
21
Suppose 2 = -2*c + 6. Suppose 70 - 10 = c*h. Calculate the remainder when h is divided by 16.
14
Let x = -3 + 14. What is the remainder when 42 is divided by x?
9
Suppose -b - 20 = -5*b. Let n = b - -12. What is the remainder when n is divided by 9?
8
Let h = -4 - -4. Suppose 0*m = u + 5*m - 41, h = -m. Calculate the remainder when u is divided by 14.
13
Let s(p) = -p**2 - 9*p + 2. Calculate the remainder when s(-7) is divided by 3.
1
Let g = -129 + 133. Let z(y) = -y - 1. Let l be z(1). Calculate the remainder when (10/(-4))/(l/4) is divided by g.
1
Let g = -349 - -358. Let a(h) = h**3 + 6*h**2 - 2*h + 3. What is the remainder when a(-6) is divided by g?
6
Let t(z) = -4*z + 4. Let y = 16 + -10. Let l = y + 4. Calculate the remainder when t(-6) is divided by l.
8
Suppose 107 = 6*c - 2*c + y, -y - 49 = -2*c. Calculate the remainder when c is divided by (-152)/(-11) - 16/(-88).
12
Let s(k) = -k**3 - 11*k**2 - k - 6. Let t be s(-11). Calculate the remainder when 24/10 + (-2)/t is divided by 2.
0
Calculate the remainder when 17 is divided by -6*(-9)/6 + 0.
8
Let i(d) = -d + 8. What is the remainder when i(6) is divided by (2/(-4))/((-2)/4)?
0
Suppose -126 = -4*q - 2*u, 11 + 80 = 3*q + 5*u. Let o = 45 - q. What is the remainder when 36 is divided by o?
10
Let d(k) = 64*k**2 + k - 1. Calculate the remainder when d(-1) is divided by 13.
10
Suppose -5*n + 0 + 10 = 0. Let i = 11 - n. Let d = 44 - 18. What is the remainder when d is divided by i?
8
Let x(y) = -y**2 + 5*y + 5. Let j be x(5). Calculate the remainder when 24 is divided by 64/j - (-3)/15.
11
Let c be (-1 + 6)*(-24)/10. Let j = -1076 + 614. What is the remainder when 6/(-4) + j/c is divided by 13?
11
Let u = -34 - -83. Calculate the remainder when u is divided by 14.
7
Let q(d) = -d**3 + 4*d**2 + 8*d - 3. Suppose 5*j + 18 = 253. Calculate the remainder when j is divided by q(5).
11
Let u(h) = -h + 2. What is the remainder when 31 is divided by u(-14)?
15
Suppose -5*q = 4*m + 1 - 58, 38 = 3*m - q. Calculate the remainder when m is divided by 3.
1
Let l be (-1 + 0)/((-2)/(-30)). Calculate the remainder when l/(2/(12/(-9))) is divided by 6.
4
Suppose -3*g = 3*i - 6, -6 = -4*g - 2*i + 12. Suppose 0*s + 4*s + 59 = 3*h, 4*s = -h - g. Calculate the remainder when 24 is divided by h.
11
Suppose -2*b + 5*a = -66, -4*a + 63 = 5*b - 69. What is the remainder when b is divided by 10?
8
Let k = 27 - 19. Suppose -19 - 6 = -5*d. What is the remainder when k is divided by d?
3
Let r = -303 - -304. Let l = 13 + -9. Calculate the remainder when l is divided by r.
0
Let a = 12 + -7. Suppose 3*s = -n + 8, -n = a*s - s - 10. Calculate the remainder when 22 is divided by s*1*(-1 + 7).
10
What is the remainder when 83 is divided by (-1)/1 - (-1)/((-5)/(-95))?
11
Suppose 4*d = 5*d + 2. Let k(m) = -m**3 + m**2 + m + 2. What is the remainder when 21 is divided by k(d)?
9
Let x(v) = 44*v**2 - v. Suppose 3 = 4*j - 9. Suppose 0 = 2*m - j*s - 42, s - 12 = 4*s. Calculate the remainder when x(1) is divided by m.
13
Suppose -23*n + 15*n + 64 = 0. Calculate the remainder when n is divided by 1.
0
Calculate the remainder when 20 is divided by (-161)/(-14) - (-1)/(-2).
9
Suppose 9*o = 6*o. Suppose 2*n + 0*n - 22 = o. Calculate the remainder when 19 is divided by n.
8
Suppose 4*x + 752 = 3*z, -6*z = -z - 3*x - 1268. Suppose 5*r + p = 302, 4*r - 3*p = p + z. Calculate the remainder when r is divided by 21.
19
Let w = -2 - -5. Suppose -w*c - 6 = -4*c. Suppose 74 = 3*a + 2*g + 17, -5*a - g = -88. Calculate the remainder when a is divided by c.
5
Suppose -a + 222 - 57 = 4*z, z + 2*a = 43. What is the remainder when 121 is divided by z?
39
Let s(b) = -b**2 - 14*b - 5. What is the remainder when 35 is divided by s(-12)?
16
Let s = 256 - 143. Suppose -3*r = -4*r + s. Calculate the remainder when r is divided by 29.
26
Let d(h) = h**3 + 6*h**2 + 2*h - 5. Calculate the remainder when d(-4) is divided by 5.
4
Suppose -4*m + 32 = -3*m - 5*d, 3*m = 3*d + 48. Suppose -42 = 4*p + 30. Let a = -13 - p. What is the remainder when m is divided by a?
2
Suppose 3*o = 2*o - 18. Let h = o - -33. Let v(a) = 27*a**2 + 3*a - 2. What is the remainder when v(1) is divided by h?
13
Let d(c) = 2*c**3 + c - 3. Calculate the remainder when d(3) is divided by 14.
12
Suppose -3*k - p = 2*p - 12, 0 = k - 5*p - 4. Suppose 13 = k*n - 4*a + a, 3*a + 9 = 0. Calculate the remainder when 2 is divided by n.
0
Suppose -6*a + t = -2*a - 10, 3*a = -t + 11. Suppose -a*k + 53 = -2*k. Calculate the remainder when k is divided by -2 - -2 - -18*1.
17
Suppose -3*q - 4*g = 0, 0*q + q = 4*g + 16. Suppose 3*j = 4*j - 5*h + 9, 5*j - 42 = -q*h. Calculate the remainder when 23 is divided by j.
5
Suppose -7*i = -2*i - 2*z - 264, -4*i + 218 = -5*z. Calculate the remainder when i is divided by 11.
8
Suppose 5*t - 6 = -3*b, 0 = -5*b + t - 4*t + 10. What is the remainder when 6 is divided by b?
0
Suppose -f + p = -1 + 2, -4*p = -3*f - 4. Let v = f + 3. Suppose -21 - 30 = -4*u - v*d, 0 = -u - 2*d + 14. Calculate the remainder when 34 is divided by u.
10
Let g(a) = -4*a - 80. Calculate the remainder when g(-29) is divided by 14.
8
Suppose -7*f + 2*f + 470 = 0. Calculate the remainder when 33 is divided by f/10 - (-10)/(-25).
6
Let f = 1 + 4. Suppose 0 = -2*q - 3*h + 25, 45 + 28 = 5*q - 3*h. What is the remainder when q is divided by f?
4
Let s(m) = 3*m - 30. What is the remainder when 46 is divided by s(14)?
10
Let n(u) = 2*u**2 - 2*u - 15. Let b(w) = 11*w. Let t be b(3). Suppose -y + t = y + 5*v, -2*v - 3 = -y. Calculate the remainder when n(5) is divided by y.
7
Calculate the remainder when (-432)/(-15) - (-1)/5 is divided by 16.
13
Let r = 6 - 5. Let v be 2 + (-1 + r)/3. Suppose -h - 2*l + 4 = 0, v*h - 3*l + 27 = 70. Calculate the remainder when h is divided by 5.
4
Let w(c) = -c**3 + 6*c**2 - 7*c + 5. What is the remainder when (-2 + 3)/((-3)/(-48)) is divided by w(4)?
7
Suppose 0 = -7*f + 18 + 17. What is the remainder when f is divided by 2?
1
Let i(o) = -o + 15. Calculate the remainder when 8/1 - (-3 + 3) is divided by i(12).
2
Suppose 40 = 2*s + 34. Suppose 4*i = 4*y + 3*i - 15, -y + 4*i + 15 = 0. What is the remainder when y is divided by s?
0
Let h(d) = d - 3. Let o be h(0). Let v = o - -10. What is the remainder when v is divided by (-2)/(-1)*(-6)/(-4)?
1
Suppose -14*v = -8*v - 498. Calculate the remainder when v is divided by 14.
13
Let q = 66 - 26. What is the remainder when 118 is divided by q?
38
Let m be 30/7 + (-6)/21. Suppose m*i = 10 + 6. Suppose -y = -i*g - 4, 5*y - 2*y 